 = -2*h - 4*f. Let j be h/(-22) - 10/55. Let p(s) = s**3 - 5*s**2 + 3. Determine p(j).
3
Let w(n) = -4*n - 6. Let z(h) be the first derivative of 5*h**2/2 + 6*h + 4. Let d(y) = -4*w(y) - 3*z(y). What is d(-5)?
1
Let r(c) = -c**2 - 6*c + 19. Let b be r(-9). Let s = -6 + -1. Let g = s - b. Let m(x) = -7*x**3 + x**2 - x. Determine m(g).
-7
Suppose 10*b + 20 = 5*b. Let d(x) = -x - 7. Determine d(b).
-3
Let o(g) = -3*g**2 - 1. Let v(f) = -8*f + 6 - 2*f**2 + f**2 + 2*f**2. Let r be v(7). Determine o(r).
-4
Let v be (21 - -2)/(1 - 0). Suppose -v = 5*l + 2. Let u be l*(-1*2 - -3). Let w(f) = -f. Calculate w(u).
5
Let s(u) be the third derivative of u**6/120 + u**5/20 - u**4/8 + u**3/3 + 21*u**2. Calculate s(2).
16
Let a(o) = -2*o**3 - 3*o**2 - 3*o - 4. Let v be a(-2). Suppose -2*t = 2*t. Let n(p) = v*p - 2 + t*p - 1. Determine n(2).
9
Let s(y) be the first derivative of y**2/2 - 5*y + 62. Suppose -5*r = -2*r - 18. Determine s(r).
1
Let o(n) = 4*n**2 + 4*n - 3. Let y(k) = -9*k**2 - 9*k + 7. Let i(f) = 5*o(f) + 2*y(f). What is i(1)?
3
Let m(g) = g + 5. Let u(o) = o**3 - 5*o - 5. Let y be u(-2). Determine m(y).
2
Let o(t) = t**3 - 5*t**2 + 6. Let x be o(5). Let y(f) = -f + 0*f - 8 + 0 + 3*f. What is y(x)?
4
Suppose 5*u + 2 = v, 2*v - 10 = -3*v - 5*u. Let r(z) = 5*z - 3. Calculate r(v).
7
Let n(f) = -f**2 - f + 3. Let l(h) = -h**2 + 0 + 0 + 4*h**2 + h. Let y be l(-1). Suppose y*t = -0*t. Give n(t).
3
Let r(i) be the first derivative of -i**4/4 + i**2/2 + i + 2. Let f be (-1 - 2)*(-4)/(-6). What is r(f)?
7
Let z be 60/(-14) - (-4)/14. Suppose -5*t + 4*l - 7 = -4, 0 = -5*t - 3*l + 11. Let d(h) = t + 5 + 3*h - h. Give d(z).
-2
Let z = 3 - 2. Let f(g) be the first derivative of -g**3/3 - g**2/2 - 4. What is f(z)?
-2
Suppose 0 = -w - 0 - 2. Let a = 5 + w. Let k(b) be the second derivative of -b**5/20 + b**4/4 - b**3/6 + 3*b**2/2 - b. Give k(a).
0
Suppose -2*j - 15 = -19. Let b be 0 - (-1 + 1) - -1. Let a(w) = 2*w - w**2 + 2 - 2*w**2 + w**3 - b. What is a(j)?
1
Let i = 6 + -10. Let o = i - -4. Let h = 5 + o. Let l(s) = -s + 2. Calculate l(h).
-3
Let b(j) = -j**2 + 2*j - 1. Let v(h) = h. Let s(m) = -b(m) - 6*v(m). Let x(u) = -u**2 - 8*u - 10. Let w be x(-4). What is s(w)?
-11
Let y(b) = 2*b - 4 - 2*b + 2*b. Give y(-5).
-14
Suppose -k - 3*f + 27 = 2*k, 0 = -4*k - f + 33. Suppose c + k = 5*c. Let v(d) = d**2 - 2*d**2 + 0 + 4 + c*d. What is v(3)?
1
Let t(z) = -z**3 - z**2 - 1. Let u(a) = -3*a**3 + 6*a**2 - 2*a + 5. Let b(f) = -4*t(f) - u(f). Suppose 1 = 8*d - 7*d. Determine b(d).
6
Let s(l) = -l**3 - 15. Suppose 11*b = -10*b. What is s(b)?
-15
Let f(c) = 3*c - 6. Let y be (5 + -6)/((-1)/7). Determine f(y).
15
Let l(v) = v**2 + 6*v - 2. Suppose -3*u - 18 = -0*u. Calculate l(u).
-2
Let j(o) = 2*o. Let i = -3 + 10. Suppose -h + k = i, 0 = -h + 2*k - 4*k + 5. Give j(h).
-6
Let n(y) = 2*y - 6. Let q(h) = -h**3 + 5*h**2 + 5*h + 6. Let i be q(6). Suppose -4*a + 3*c + 36 = i, -6*c + 2*c - 4 = 2*a. Give n(a).
6
Let k(j) = -j**2 - 4*j - 2. Suppose 2*a - 3*a + 8 = -3*q, 2*a - 5*q = 14. Suppose a*h = 5*p + h + 22, 2*h + 31 = -5*p. What is k(p)?
-7
Suppose 0 = -3*p - 2*h + 6*h + 17, -5*p - 2*h + 37 = 0. Let d(t) = t - 9. Give d(p).
-2
Let h(t) = -t - 1. Let n(m) = -m**2 + 2*m - 6. Let i(p) = 4*h(p) - n(p). Give i(3).
-7
Let a(t) = -20*t + 18 + t + 18*t. Give a(0).
18
Let s = -45 - -32. Let p = s - -8. Let m(q) = q + 2. Calculate m(p).
-3
Let x(v) = v**2 - 8*v + 3. Let p be x(8). Let n(h) = -2*h - 7 + 0*h**3 + 3*h**2 - h**2 + 3*h**2 + h**p. Determine n(-5).
3
Let f(u) = 7*u - 3*u**3 - 2*u**3 + 8*u**2 + 0*u + 6*u**3 + 3. Let j be f(-7). Let o(a) = 2*a**2 - 3*a - 1. Determine o(j).
8
Suppose -2*h - 2*g + 6 = 0, -3*h - g = 3*g - 4. Suppose -3*o - 10 = -h*o. Let j(c) = c**3 - o - c + 3*c**2 + 3*c - 5*c. Give j(-4).
-6
Let x(i) = 13*i**3 - 10*i**2 + 15*i - 7. Let w(r) = -7*r**3 + 5*r**2 - 8*r + 4. Let l(p) = 11*w(p) + 6*x(p). Let f = 13 - 10. Give l(f).
-10
Let n(u) = -11*u + 15 - 348*u**3 - 4*u**2 - 8*u**2 + 347*u**3. Determine n(-11).
15
Suppose 14 = 3*y + b - 14, 2*b + 43 = 5*y. Let u(s) = -s + 7. Let c be u(y). Let z(w) = 3*w. Give z(c).
-6
Let g(b) be the first derivative of -b**2 + b - 43. Let m(z) = -2*z + 8. Let p be m(6). Determine g(p).
9
Let p(s) = -25*s + 5*s + 9*s + 11. Let f(m) = -5*m + 5. Let k(n) = -2*n + 4. Let a be k(4). Let x(i) = a*p(i) + 9*f(i). Calculate x(-2).
3
Let t(x) be the third derivative of -1/12*x**4 + 1/6*x**3 - 2*x**2 + 1/30*x**5 + 0*x + 0. Calculate t(2).
5
Let g(c) = 6*c + 2. Let j(l) = -3*l - 1. Let f(o) = -6*g(o) - 13*j(o). Give f(-2).
-5
Let l(i) be the first derivative of 7*i**3/3 + i**2 - i - 1. Let v be 1 + 6/2 - 3. Calculate l(v).
8
Suppose d = 5*d. Let n(s) = s**3 - s**2 - s + 1. Calculate n(d).
1
Let k(x) be the third derivative of 7*x**4/24 + 6*x**2. What is k(-1)?
-7
Suppose 0 = -n + 1 - 6. Let d(m) be the first derivative of -m**2/2 - 5*m + 4. Give d(n).
0
Let c(m) = -m**3 + 4*m**2 - m - 1. Let l be c(4). Let i(y) = y + 11. Let j be i(l). Let x(o) = -o**3 + j*o**2 + 1 - 1 - 2*o - 2*o**2 + 2. Determine x(3).
5
Let b(i) = 3*i - 1. Let j(k) = 3*k - 1. Let h(n) = 6*b(n) - 5*j(n). Let p(f) = -7*f**2 - f. Let x be p(-1). Let u(s) = s + 7. Let y be u(x). Calculate h(y).
2
Let w(z) = z**3 - 6*z**2 + 5*z + 6. Let n be -5*(-1 - (3 - 3)). Give w(n).
6
Let k(y) = 13*y + 2. Let d(r) = 7*r + 1. Let l(n) = 11*d(n) - 6*k(n). Let g = 13 - 7. Determine l(g).
-7
Let q(v) = -2*v - 2. Let c(i) = i**3 - 4*i**2 - 7*i + 7. Let h be c(5). Let a be q(h). Let b(g) = g + 0 + 8 - 6. Determine b(a).
6
Let w(m) = -m - 8. Suppose -6 = -2*o, 3*j - 4*o = -2*o + 9. Suppose 0 = 4*c - 5*p - 14, 2 + 1 = -j*c - 4*p. Let s be c - -1 - 56/7. What is w(s)?
-2
Let k = 26 + -23. Suppose -2 = 4*l - l + y, -3*l + 2*y = -4. Let i(f) = f**2 - f - k + f + 5*f + l*f. What is i(-6)?
3
Let j(b) = 47 - 3*b**2 - 48 + 10*b**2 + b. Suppose -10 = 5*c + 5*a, -c + 1 = -4*a - 12. Give j(c).
7
Suppose u + 0*u = -3. Let o(r) = 1. Let b(p) = -p + 1. Let l(h) = u*o(h) + b(h). Give l(0).
-2
Let h(v) = -v**2 + 3*v - 2. Let j be h(3). Let r(s) be the first derivative of -s**2/2 + s - 1. Let q(b) = -3*b + 4. Let k(l) = j*r(l) + q(l). What is k(-5)?
7
Let f be -1 + 1 + 1 + (4 - -3). Let y(u) = -u**2 + 7*u + 2. Determine y(f).
-6
Let b = 10 + -5. Let g = 20 - 14. Let o(y) = g*y**2 + 0*y - 6*y + y**3 - 2*y**3. What is o(b)?
-5
Suppose 0 = 3*j + l - 2, -2*j + 3 = -3*l - 13. Let d(u) = u**2 - 2*u + 1. Determine d(j).
1
Let z = 1 - -3. Let a(j) = -j**3 + 2*j - 13*j**2 - 7*j + 18*j**2. What is a(z)?
-4
Suppose 0 = 4*o + o - 25. Suppose -1 = -o*t - 6. Let z(m) = -m. Let b(n) = -9*n - 1. Let u(x) = -b(x) + 3*z(x). Calculate u(t).
-5
Let o be (-9)/(-2)*(-2)/(-3). Let v(g) be the third derivative of 0*g - 2*g**2 - 1/24*g**4 + 0 + 5/6*g**o. Determine v(4).
1
Suppose 5*s - 16 - 4 = 0. Let p(r) = 3 + s*r - 3. Calculate p(1).
4
Let r(z) be the first derivative of -7*z**5/120 - z**4/24 - z**3 - 1. Let a(s) be the third derivative of r(s). Determine a(1).
-8
Let d(m) = -m + 14. Let o(v) = v**2 + 9*v + 18. Let h be o(-6). Give d(h).
14
Let v be 8/3 - (-18)/(-27). Let z(g) = 9*g**v + 6*g - 6*g. What is z(-1)?
9
Suppose -3*p = -5*p. Let n(z) = -z**2 + z + 2. Calculate n(p).
2
Let l(q) = -q**2 + 9*q - 9. Let j(a) = 4*a - 1. Let b be j(2). Give l(b).
5
Let c(w) = 6 + 1 + 15*w - 5 - 4. Let k(v) = 0 + 2 - 1 - 8*v. Let z(a) = -6*c(a) - 11*k(a). What is z(-5)?
11
Let n be (-34)/(-9) - 10/(-45). Suppose 5*b + 8 = 3*f - 12, -n*b - 14 = -2*f. Let r be 2 - (-3)/(-3)*b. Let s(t) = -t**2 + 3*t. What is s(r)?
0
Let r = 2 + 4. Suppose -2*c = -n - 17, 0 = -2*c - 3*c + 4*n + 44. Let a = r - c. Let h(z) = 3*z**2 + 3*z + 3. Calculate h(a).
9
Let q = -119 + 124. Let p(b) = b**2 - 5*b + 6. What is p(q)?
6
Let z(u) be the third derivative of -u**5/60 + u**4/6 + 11*u**3/6 - u**2 - u. Calculate z(5).
6
Let b(k) be the first derivative of 1/2*k**2 - 1 - k. Give b(-5).
-6
Let a(z) = 41*z**2 - 22*z**2 - 1 - 16*z**2 + z. Calculate a(-2).
9
Let a(x) = x**3 + 4*x**2 - 11. Let o(c) = c**3 + 5*c**2 + c - 10. Let j(b) = 2*a(b) - 3*o(b). What is j(-6)?
-10
Let a(o) = -1 + 0 - o - 1. Determine a(4).
-6
Let w(q) = -5*q + 8*q + 0*q - 2 - 4*q. Determine w(-3).
1
Let d(b) = 15*b + 5. Let f(l) = -8*l - 3. Let v(c) = 4*d(c) + 7*f(c). Let n be ((-4)/10)/(4/(-